c and 33?
11
Suppose 0 = -3*n + 4*s + 460, 76 = n + 5*s - 71. Suppose 7*y - 93 - n = 0. Calculate the greatest common factor of y and 60.
5
Suppose 85*w - 84*w = 5*h - 1020, w - 1030 = -5*h. Calculate the greatest common factor of h and 328.
41
Suppose 96*t - 112 = 92*t. Let g = t + -25. Calculate the greatest common divisor of 1 and g.
1
Let m be (-14)/42 + (-8228)/(-6) + -8. What is the greatest common factor of m and 232?
29
Suppose 5*a + 3*r - 825 = 0, r - 825 = -5*a + 4*r. Suppose 585 + a = 10*z. Calculate the greatest common divisor of z and 15.
15
Let t(c) = c**3 + 7*c**2 + 4*c - 2. Let m be t(-5). Let j be -13 + 10 + -1 - -1768. Suppose -j = 136*x - 145*x. What is the highest common factor of x and m?
28
Suppose g - 3*q = -q + 2, 2*g + 2*q - 10 = 0. Let c = -61 + 105. What is the highest common factor of c and g?
4
Let i(b) = -77*b + 708. Let j be i(6). What is the greatest common factor of 123 and j?
123
Suppose -43*t + 47*t + 4 = 0. Let f be t/(-3) - (-10398)/18. Calculate the greatest common divisor of 34 and f.
34
Let d(q) = q**3 - 80*q**2 - 71*q - 162. Let a be d(81). What is the greatest common factor of a and 378?
54
Let l = 277 + -185. Let g = -14312 + 14381. What is the greatest common factor of l and g?
23
Suppose 11*u = -2*u + 286. Suppose -a + 174 = 4*k, -2*k - 3*a = -u - 60. Calculate the highest common divisor of 484 and k.
44
Let m = -5336 - -6074. What is the greatest common factor of m and 4674?
246
Let g be (63 + -1)*(-105)/(-14). Let m(c) = -6*c**2 + c**3 - 466 + g + 0*c**2 + 2*c. Let j be m(6). Calculate the greatest common factor of 176 and j.
11
Suppose -25*t - 21*t + 5934 = 0. Suppose -260 = -t*f + 128*f. What is the highest common divisor of f and 40?
20
Let b(x) = -11*x + 13. Let c be b(3). Let y be (-10)/c - 682/(-4). Calculate the greatest common divisor of y and 27.
9
Let y = -552 - -1000. Suppose 14*f - y = -2*f. What is the greatest common divisor of 182 and f?
14
Suppose -3*s + 26 = -4*n - 15, n + 26 = 3*s. Calculate the highest common factor of 6181 and s.
7
Suppose 514 - 1515 = -11*l. What is the greatest common divisor of 819 and l?
91
Let z be (0 - 3 - -4)/((-1)/82). Let s = -17 - z. What is the greatest common factor of 13 and s?
13
Let t be (8487/184 - 1/8)/2. What is the greatest common divisor of 5 and t?
1
Let g(u) = -u**3 - 10*u**2 - 21*u - 42. Let z be g(-9). Let a be ((-2)/(-1) - (-13)/(-26))*242. Calculate the highest common divisor of a and z.
33
Let y be 313 + (-3 - (-1 + -4)). Let s be (-6)/(-8) + 35179/508. What is the highest common divisor of y and s?
35
Let m(f) = f**3 - 10*f**2 + 7*f - 15. Let u be m(11). Calculate the greatest common factor of 12505 and u.
61
Let m be 500 + (5 - (5 - 8)). Calculate the greatest common factor of 7493 and m.
127
Suppose 10777*j = 10773*j + 76. What is the greatest common divisor of j and 399?
19
Let q be 109/2 - (-1)/((-52)/(-78)). What is the highest common factor of 980 and q?
28
Let l(i) = 164*i - 531. Let x be l(11). Calculate the highest common factor of 19 and x.
19
Let l = -25821 - -25911. Calculate the greatest common divisor of 3030 and l.
30
Suppose 2*z = 5*u + 340, -z = -96*u + 101*u - 140. Calculate the greatest common divisor of 2540 and z.
20
Let i be -2 + 1 - (-14 - 3). Let s be (-8)/34 - 43820/(-119). Calculate the highest common factor of s and i.
16
Let s = 1084 - 1054. Let h be ((-4)/(-12))/(2/90). Calculate the greatest common factor of h and s.
15
Suppose 1500 + 2716 = 3*t + 2*j, 5*j - 10 = 0. Calculate the greatest common factor of t and 104.
52
Suppose -g - 5*m - 686 = 0, 0*m - 4*m = -5*g - 3575. Let p = -705 - g. Calculate the highest common factor of 222 and p.
6
Let v = 126 - -50. Let k be (v/(-55))/((-2 + 3)/(-205)). What is the greatest common factor of k and 82?
82
Let v = -117 - -72. Let m = 25 - v. Let d = -110 + 138. What is the greatest common divisor of d and m?
14
Let c be 6 + -11 + (2 - -5). Suppose c*d - 3 = 93. What is the greatest common divisor of d and 9?
3
Let j = -4027 + 9603. Calculate the highest common divisor of 82 and j.
82
Let x be 13/(3591/138 + -26). What is the highest common factor of x and 312?
26
Let k = -84 - -84. Suppose k = 3*m - 0*m - 4*l - 694, -m = -3*l - 233. What is the highest common divisor of m and 10?
10
Suppose -2*f - 13 = x + 3*f, 2*x - 3*f = 13. Let m be (3 + (0 - x))*-26. Let o be (-2)/12 + m/(-12). What is the highest common factor of o and 16?
2
Suppose 30 = -2*n + 76. Suppose -17*q - 15 = -22*q. Suppose -q*v + 198 = -354. Calculate the greatest common divisor of n and v.
23
Let n be (9/(-6))/((-11)/5368). Suppose -3*c + 7*c - n = 0. Suppose -21 = 6*s - c. What is the highest common factor of s and 243?
27
Let i = 568 + -499. Let d(h) = -h**3 + 8*h**2 - 5*h + 6. Let q be d(6). Let a = i - q. Calculate the highest common factor of a and 189.
21
Suppose 3*t - 309 = u - 4*u, t = -4*u + 115. Suppose -16 - t = -i. What is the greatest common factor of i and 46?
23
Let x = -137 + 139. Suppose 2*c + 4 = 0, -x*h + 3*c - 4*c + 824 = 0. Calculate the highest common divisor of 59 and h.
59
Suppose 7*i = i + 150. Suppose -17*c - 53*c = -2767 - 5633. What is the greatest common factor of c and i?
5
Let g be ((-25)/(-50))/((-6)/(-62)) + 20/24. Suppose 5*n + 2*c = c + 289, -n - 3*c + 69 = 0. Calculate the highest common factor of g and n.
3
Let k(z) = 11*z**2 - 3*z - 1. Let o be k(5). Suppose -178 + 83 = -2*n + 7*t, -2*n = -2*t - 80. What is the greatest common divisor of n and o?
37
Suppose -186*g - 487176 = -292*g. What is the highest common divisor of g and 108?
12
Let d(y) = 0*y - 26*y + 23 + y**2 - 9. Suppose -39 - 13 = -2*t. Let f be d(t). What is the greatest common factor of 112 and f?
14
Suppose 3*a = 4*f - 156, 136 = 2*f + 2*f + 2*a. Suppose f*b = 2*b + 1666. Calculate the greatest common factor of 49 and b.
49
Let o be ((-2)/(-6) - 1)*585/(-6). Let k = o + -46. Suppose -4*l - 3 = -k. What is the highest common divisor of 4 and l?
4
Let p(c) = -c - 1. Let f be p(-11). Suppose 2*z - 18*k - 100 = -17*k, -3*z = k - 160. Suppose z + 578 = 7*n. Calculate the greatest common divisor of n and f.
10
Suppose -a - 2*m + 31 = 0, 44 + 53 = 3*a + 5*m. Suppose 2*r = 3*c + a, 69 = 4*r - 2*c + 5*c. What is the highest common divisor of r and 504?
18
Let t(s) = 149*s**2 + 2*s. Let n be t(-2). Let o(i) = i**2 - 16*i - 116. Let h be o(-6). Calculate the greatest common divisor of n and h.
16
Suppose -22*v + 21765 = -20*v + 3*p, -v + 4*p = -10866. Calculate the greatest common divisor of v and 666.
222
Suppose s - 8*g + 5*g - 17189 = 0, -2*s = -4*g - 34368. Calculate the greatest common divisor of 62 and s.
62
Let l(n) = 16*n**2 - 285*n + 1103. Let k be l(13). Suppose 4*c - 122 = 150. Calculate the greatest common divisor of k and c.
34
Let p = -12 + 32. Suppose -m + p = 3*m. Suppose 5*t + m + 25 = 2*u, 6 = -3*t. What is the greatest common factor of u and 50?
10
Let n be (6/4)/(1/50). Let s = -38 + n. Suppose -5*g + s + 3 = 0. What is the greatest common divisor of g and 12?
4
Let t = -38 + 41. Let j be -4 + (5 + t - 4). Suppose l - u - 6 = -j, 0 = -u - 3. Calculate the highest common factor of 3 and l.
3
Let m = 200 - 169. Suppose -2*h + 3*u = -h - m, 39 = 4*h + 5*u. Calculate the highest common factor of h and 112.
16
Let z(i) = -24*i - 106. Let t = 285 + -290. Let g be z(t). What is the highest common divisor of g and 882?
14
Suppose 5*i - 4*u - 26 = -0*i, 4*u + 20 = 2*i. Let d be (6 - -26)/(i/(-33)*-3). Let y be (1/(4/(-22)))/((-1)/4). What is the greatest common divisor of d and y?
22
Suppose 231 = -9208*w + 9219*w. Calculate the highest common factor of w and 7.
7
Let j = 135 + 48. Let d = j + -99. What is the greatest common factor of d and 12?
12
Suppose 3*f = -4*a + 66, -2*f - 230 + 274 = 4*a. What is the highest common divisor of f and 6182?
22
Suppose -2*c + 62 = -3*f, -17*f + c + 101 = -21*f. Let d(p) = -7*p - 96. Let q be d(f). Calculate the greatest common factor of 252 and q.
36
Let q = 624 - 604. Calculate the greatest common factor of 9970 and q.
10
Let g = 4 + 1. Suppose g*l + 12 = l + u, 4*u = 16. Let o be 2/(-9) - ((-88)/(-36))/l. Calculate the greatest common divisor of 6 and o.
1
Suppose 11*w - 5*w = 5*s + 3100, -2604 = -5*w - s. What is the greatest common factor of w and 70?
